{"id":51,"date":"2016-04-11T02:11:40","date_gmt":"2016-04-11T02:11:40","guid":{"rendered":"http:\/\/dnevnik.belavilinka.com\/?page_id=51"},"modified":"2016-09-27T12:06:26","modified_gmt":"2016-09-27T12:06:26","slug":"dnevnik-4-postni-dan","status":"publish","type":"page","link":"http:\/\/dnevnik.belavilinka.com\/?page_id=51","title":{"rendered":"Dnevnik 4 Postni dan"},"content":{"rendered":"<p>Zjutraj sem se zbudila dobre volje, ampak takoj mi je zakrulil \u017eelodec \u201c laaa\u010d\u010d\u010den sem. \u201d Iskreno vam povem, da se \u010dlovek \u010dez \u010das navadi tega ob\u010dutka lakote. Ta ob\u010dutek lakote \u010duti\u0161 potem skoz na obmo\u010dju trebuha ( 3 \u010dakra ). Ta dan sem bila \u017ee kar psihi\u010dno na\u010deta in sem se odlo\u010dila, da se ne bom klistirala. Zadnji klistir sem iz sebe spravila nekaj malega samo \u0161e in zeblo me je \u017ee dovolj. Tudi za plju\u010dni in jetrni obkladek se nisem odlo\u010dila. Odlo\u010dila pa sem se za koren\u010dkov prevretek, deko, termofor na nogah, le\u017eanje na kav\u010du in gledanje televizije. Jutranji pohod s psom, mi je \u201c ukradel \u201d moj dragi, tako, da ko jo je pripeljal nazaj, sem \u0161la jaz z njo ven. Vzunaj sem pozabila na lakoto in bil je resni\u010dno lep son\u010den dan.<\/p>\n<p>Zve\u010der mi je bilo zopet hudo, zato sem se tu\u0161irala z vro\u010do vodo kar nekaj \u010dasa ( \u010de bi le imela bano ) in \u0161la zgodaj spat.<\/p>\n<p>Tehtnica je pokazala : 61,7kg.<\/p>\n<p>Trebuh mi je oplahnil \u0161e za malo, \u010desar sem bila zelo vesela.<\/p>\n","protected":false},"excerpt":{"rendered":"<p>Zjutraj sem se zbudila dobre volje, ampak takoj mi je zakrulil \u017eelodec \u201c laaa\u010d\u010d\u010den sem. \u201d Iskreno vam povem, da se \u010dlovek \u010dez \u010das navadi tega ob\u010dutka lakote. Ta ob\u010dutek lakote \u010duti\u0161 potem skoz na obmo\u010dju trebuha ( 3 \u010dakra ). Ta dan sem bila \u017ee kar psihi\u010dno na\u010deta in sem se odlo\u010dila, da se<br \/><a class=\"moretag\" href=\"http:\/\/dnevnik.belavilinka.com\/?page_id=51\">+ Read More<\/a><\/p>\n","protected":false},"author":2,"featured_media":0,"parent":39,"menu_order":4,"comment_status":"closed","ping_status":"closed","template":"","meta":{"footnotes":""},"class_list":["post-51","page","type-page","status-publish","hentry"],"_links":{"self":[{"href":"http:\/\/dnevnik.belavilinka.com\/index.php?rest_route=\/wp\/v2\/pages\/51","targetHints":{"allow":["GET"]}}],"collection":[{"href":"http:\/\/dnevnik.belavilinka.com\/index.php?rest_route=\/wp\/v2\/pages"}],"about":[{"href":"http:\/\/dnevnik.belavilinka.com\/index.php?rest_route=\/wp\/v2\/types\/page"}],"author":[{"embeddable":true,"href":"http:\/\/dnevnik.belavilinka.com\/index.php?rest_route=\/wp\/v2\/users\/2"}],"replies":[{"embeddable":true,"href":"http:\/\/dnevnik.belavilinka.com\/index.php?rest_route=%2Fwp%2Fv2%2Fcomments&post=51"}],"version-history":[{"count":1,"href":"http:\/\/dnevnik.belavilinka.com\/index.php?rest_route=\/wp\/v2\/pages\/51\/revisions"}],"predecessor-version":[{"id":52,"href":"http:\/\/dnevnik.belavilinka.com\/index.php?rest_route=\/wp\/v2\/pages\/51\/revisions\/52"}],"up":[{"embeddable":true,"href":"http:\/\/dnevnik.belavilinka.com\/index.php?rest_route=\/wp\/v2\/pages\/39"}],"wp:attachment":[{"href":"http:\/\/dnevnik.belavilinka.com\/index.php?rest_route=%2Fwp%2Fv2%2Fmedia&parent=51"}],"curies":[{"name":"wp","href":"https:\/\/api.w.org\/{rel}","templated":true}]}}