{"id":29,"date":"2016-04-11T01:47:50","date_gmt":"2016-04-11T01:47:50","guid":{"rendered":"http:\/\/dnevnik.belavilinka.com\/?page_id=29"},"modified":"2016-10-06T09:28:45","modified_gmt":"2016-10-06T09:28:45","slug":"konec-informacijske-dobe-zacetek-dobe-zdravja","status":"publish","type":"page","link":"http:\/\/dnevnik.belavilinka.com\/?page_id=29","title":{"rendered":"Konec Informacijske dobe, Za\u010detek dobe Zdravja"},"content":{"rendered":"<p>V svojem \u0161tudiju Velnesa sem naletela na tole zelo zanimivo razpredelnico, ki lepo prikazuje kako se \u010dlovek razvija in kako razvija materiale, ki jih ima na voljo v svoji okolici. \u010ce za\u010dnemo z letom 1780 vidimo razvoj parnega stroja in obla\u010dil. Z drugimi besedami\u00a0\u201c \u010clovek skrbi za svoje telo, da ga ne zebe in da mu ni vro\u010de.\u201d<\/p>\n<p>Od 1850 za\u010dne izdelovati \u017eeleznice, kar bi rekli, da razmi\u0161lja o Transportu ljudi, \u017eivil, \u017eivali, izdelkov = trgovina.Vsako okolje, vsaka dr\u017eava proizvaja nekaj unikatnega in njjhova de\u017eela ponuja nekaj unikatnega. Na primer na \u0160tajerskem smo unikatni v termalni vodi, ker imamo naravne izvire. To nam je dala Mati Narava. Potem smo unikatni z pridelovanjem soli v Se\u010doveljskih solinah, kjer se je obdr\u017eal na\u010din pridelave po metodi iz 14. stoletja.Unikatno in Vredno, da dvignemo glavo gor in se POHVALIMO! Sol predeljujemo v razli\u010dne izdelke za kopeli, za piling telesa in vse te izdelke lahko kaj? Prodajamo seveda Tujcem, ker so Zlata Vredne in tudi njihova uporaba je lahko Preventivna &#8211; da ohranjamo zdravje in Kurativna &#8211; da ozdravimo telo.<\/p>\n<p>Od leta 1890 smo dali velik poudarek na elektrotehniki, na kemiji in za\u010dela se je serijska proizvodnja. Tovarne, ki zaposlujejo mno\u017ei\u010dno ljudi.Vsak delavec doda ko\u0161\u010dek puzzle k izdelku, ki ga tovarna izdeluje. Kljub temu, da je kar nekaj tovarn propadlo, kar je stra\u0161en minus, pa je kar nekaj se jih obdr\u017ealo, ker poslujejo z tujino.Vsako, ki je podjetnik dobro ve, da sam ne more vsega narediti, da se je potrebno povezati z drugimi.Vsak podjetnik ima vizijo nekega izdelka, neke storitve in njegova naloga je, da organizira stvari in ljudi tako, da ta \u00a0izdelek oz. storitev za\u017eivita in\u00a0\u201cugledata lu\u010d\u201d.<\/p>\n<p>Od leta 1935 smo dajali poudarek naftni industriji, individualni mobilnosti, avtomobili. Si danes sploh lahko predstavljate vsak dan brez avta ali motorja?\u010ce ne bi bilo avta, ne bi mogla \u017eiveti v okolici, ker ne bi mogla priti do slu\u017ebe.\u010casovno bi te\u017eko usklajevala vse obveznosti brez avta.\u010cas je prej tekel po\u010dasi in morda je tudi danes ta velik minus, ker te\u010de nekoliko prehitro. Preve\u010d obveznosti naenkrat in \u010de \u017eeli\u0161 ostati v ritmu te hitrosti mora\u0161 imeti avto, mobitel, ra\u010dunalnik. Brez tega ne gre.<\/p>\n<p>Od leta 1980 smo stopili v Informacijsko dobo. Dobo informacij in kaj pravzaprav je informacija? Je to samo podatek kot je\u00a0\u201c vreme bo jutri de\u017eevno.\u201d ali nam lahko podatek tudi kaj pove, kaj da ? V smislu, da svet okoli sebe, svet v sebi bolj razumemo in da pridemo do Razumevanja? Vsekakor da. Najve\u010d je vreden danes tisti, ki veliko ve in ki veliko zna. Tisti, ki je samostojen, da si zna oprati stvari, za\u0161iti obleke, skuhati kosilo, peljati avto, popraviti avto,\u0161portati, zidati hi\u0161o, polagati keramiko, vzgajati otroke, graditi funkcionalno partnersko zvezo\u2026.itd Skratka, besede od Tita bodo vedno veljale : U\u010di se, u\u010di se, u\u010di se! To je najve\u010dja nalo\u017eba v sebe in v druge. Ko ve\u010d ve\u0161, ve\u010d velja\u0161 in lahko ve\u010d pomaga\u0161 drugim. Po drugi strani pa je potrebno pogledati tudi iz drugega zornega kota in sicer, ko bom le\u017eala na smrtni postelji, bom razmi\u0161ljala o denarju? Ne. Razmi\u0161ljala bom o vsem tem kar sem se nau\u010dila, sre\u010dna bom, da bom imela okoli sebe drage ljudi, v katere sem polo\u017eila svoje drago srce in oni v mene svojega. Izku\u0161nje, odlo\u010ditve in razumevanje so tiste stvari, ki jih vzame\u0161 na oni svet. Vse kar je materialnega, pa mora\u0161 pustiti na planetu Zemlja.<\/p>\n<p>Zdaj smo pri\u0161li do konca in sicer od leta 2005 smo za\u010deli se ukvarjati z biotehnologijo, psihosocialo in zdravjem. ZDRAVJEM! Najve\u010dja vrednota vsakega \u010dloveka mora biti ZDRAVJE, ker brez zdravega telesa ne moremo ustvarjati, razmi\u0161ljati, \u010dutiti, delati, biti z drugimi\u2026skratka ne moremo ne \u017eiveti prav, ne u\u017eivati v \u017eivljenju, ki nam je bil dan! Telo ni popolno in potrebuje kar naprej na\u0161o pozornost. Kljub temu, da so na\u0161a telesa sestavljena isto, pa smo vendar vsi med seboj druga\u010dni, druga\u010de reagiramo na razli\u010dne situacije kot so na primer : pik \u010debele\/ose, potem so tukaj alergije, potem so tukaj te\u017eave z o\u010dmi\u2026..Ne bom na\u0161tevala, ker je tega ogromno. Nekdo lahko zboli v neki situaciji, v tej isti, nekdo drug ne bo.Razli\u010dno \u010dustvujemo, razli\u010dno razmi\u0161ljamo in predvsem ima \u010disto vsak na tem planetu svojo ZGODBO iz otro\u0161tva, iz prej\u0161njega \u017eivljenja. Ima svojo Unikatno DU\u0160O, ki ima svoje barve. Najbolj pomembno je zdravje in o tem bi se MORALI otroci u\u010diti v Osnovni in Srednji \u0161oli na vpra\u0161anje : Kako poskrbim za svoje telo?<\/p>\n<p>Medicina se trudi, vendar do sedaj \u0161e ni ustvarila tabletke, ki bi re\u0161ila vse te\u017eave. Nau\u010dila se je mnogo o telesu, vendar \u0161e vedno se u\u010di in \u0161e vedno ne ve vsega, \u010deprav nam na vsakem koraku ho\u010de vsiliti s svojo okorno, egoisti\u010dno in naduto dr\u017eo, da ve vse. Resnico poznate. Na tem planetu je ogromno rastlin, dreves, voda. Le zakaj? Na vsakem kontinentu cvetejo in rastejo druge. Le zakaj? Za dolo\u010deno te\u017eavo, ki jo lahko imamo je na voljo ve\u010d razli\u010dnih rastlin. Le zakaj? Mati Narava dobro ve, da je telo posameznika kompleksna stvar, zato je prav za vsako telo ustvarila posebno ro\u017eico ali pa kombinacijo ro\u017eic, ki pomaga omiliti ali ozdraviti tako telo kot tudi um in du\u0161o.<\/p>\n<p>Srednjeevropsko obmo\u010dje se je za\u010delo vra\u010dati nazaj k svojim koreninam, k tistim obi\u010dajem, k tistim starim babi\u010dnim nasvetom, ker je spoznalo, da Medicina ne ve vsega in da ne pomaga ali pa stanje \u0161e poslab\u0161a. Jaz osebno vam svetujem, da bodite pri zdravljenju samega sebe zvesti samim sebi in Materi Naravi in hkrati pustite, da vam Medicina pomaga. Ni vse \u010drno in ni vse belo. Upam, da bo tudi pri nas enkrat tak odnos, kot je na Kitajskem, ko Medicina in Naravno zdravljenje hodita z roko v roki vse od mislim, da leta 1942, ker takratni vodja ni pustil, da se razdru\u017eita.<\/p>\n<p>Vse dobro \u017eelim!<\/p>\n","protected":false},"excerpt":{"rendered":"<p>V svojem \u0161tudiju Velnesa sem naletela na tole zelo zanimivo razpredelnico, ki lepo prikazuje kako se \u010dlovek razvija in kako razvija materiale, ki jih ima na voljo v svoji okolici. \u010ce za\u010dnemo z letom 1780 vidimo razvoj parnega stroja in obla\u010dil. Z drugimi besedami\u00a0\u201c \u010clovek skrbi za svoje telo, da ga ne zebe in da<br \/><a class=\"moretag\" href=\"http:\/\/dnevnik.belavilinka.com\/?page_id=29\">+ Read More<\/a><\/p>\n","protected":false},"author":2,"featured_media":0,"parent":27,"menu_order":0,"comment_status":"closed","ping_status":"closed","template":"","meta":{"footnotes":""},"class_list":["post-29","page","type-page","status-publish","hentry"],"_links":{"self":[{"href":"http:\/\/dnevnik.belavilinka.com\/index.php?rest_route=\/wp\/v2\/pages\/29","targetHints":{"allow":["GET"]}}],"collection":[{"href":"http:\/\/dnevnik.belavilinka.com\/index.php?rest_route=\/wp\/v2\/pages"}],"about":[{"href":"http:\/\/dnevnik.belavilinka.com\/index.php?rest_route=\/wp\/v2\/types\/page"}],"author":[{"embeddable":true,"href":"http:\/\/dnevnik.belavilinka.com\/index.php?rest_route=\/wp\/v2\/users\/2"}],"replies":[{"embeddable":true,"href":"http:\/\/dnevnik.belavilinka.com\/index.php?rest_route=%2Fwp%2Fv2%2Fcomments&post=29"}],"version-history":[{"count":1,"href":"http:\/\/dnevnik.belavilinka.com\/index.php?rest_route=\/wp\/v2\/pages\/29\/revisions"}],"predecessor-version":[{"id":30,"href":"http:\/\/dnevnik.belavilinka.com\/index.php?rest_route=\/wp\/v2\/pages\/29\/revisions\/30"}],"up":[{"embeddable":true,"href":"http:\/\/dnevnik.belavilinka.com\/index.php?rest_route=\/wp\/v2\/pages\/27"}],"wp:attachment":[{"href":"http:\/\/dnevnik.belavilinka.com\/index.php?rest_route=%2Fwp%2Fv2%2Fmedia&parent=29"}],"curies":[{"name":"wp","href":"https:\/\/api.w.org\/{rel}","templated":true}]}}