{"id":147,"date":"2016-04-12T21:24:43","date_gmt":"2016-04-12T21:24:43","guid":{"rendered":"http:\/\/dnevnik.belavilinka.com\/?page_id=147"},"modified":"2016-09-27T12:22:20","modified_gmt":"2016-09-27T12:22:20","slug":"obisk-postojne-in-dr-merlo","status":"publish","type":"page","link":"http:\/\/dnevnik.belavilinka.com\/?page_id=147","title":{"rendered":"OBISK POSTOJNE IN DR.MERLO"},"content":{"rendered":"<p>Junija 2014 sem jemala \u0161e enkrat sodo bikarbono in naredila kraj\u0161i tretma. Probala sem tudi splakovanje v no\u017enico s sodo bikarbono 3 krat, vendar se mi ni zdelo, da bi bila kakr\u0161na koli sprememba.<\/p>\n<p>Junija me je dr. Merlo pregledal in rekel, da zgleda katastrofalno in da mi bo dal tabletke za spro\u017eitev M. Od njega sem od\u0161la povsem zmedena. Kako prej\u0161nji mesec mi je rekla G, da zgledam \u010dudovito, zdaj pa mi dr. Merlo pravi, da slabo. Potem sem razmi\u0161ljala, da proti koncu cikla, ko se Kri nabira v Maternici, ne more izgledati Fantasti\u010dno, zato tudi v tem \u010dasu ne operirajo, ker ni\u010d ne vidijo. Vedno operirajo takoj po M.<\/p>\n<p>Mislim, da se doktorji ne zavedajo, kaj spro\u017eijo, ko \u201cbleknejo\u201d neumnosti tja v tri p****. Sej ne grem jaz v bolnico po nov avto. To je tako privatna in osebna zadeva, da bi resni\u010dno pri\u010dakovala ve\u010d ob\u010dutljivosti, ne\u017enosti, pogovora, razlage in razumevanja. Mislim, pa da vse to je nemogo\u010de pri\u010dakovati v Sloveniji!<\/p>\n<p>\u010cez nekje dobrih 10 dni sem se vrnila na pregled, ki pa me je ZADEL. Dr. Merlo mi je povedal, da imam ENDOMETRIOM na desnem jaj\u010dniku, na levem zelo raz\u0161irjen pco in seveda velik miom. ( ni ga hotel zmeriti ). Predpisal mi je datum operacije, ni pa me hotel operirati takoj. Zakaj takoj ? Ker nikoli ne vem kdaj bo M pri\u0161la. Jaz se ne morem dogovarjat za nek termin, \u010de sploh ne vem kdaj bo pri\u0161la M. To povzro\u010di pri meni samo en ogromen stres in sekiranje in potem sigurno ne bo pri\u0161la takrat, ko si \u017eelim. Klasika !<\/p>\n<p>Povem pa \u0161e to, da ne bo zvenelo, da je dr. Merlo OUT. Dr. Merlo zna biti zelo prijazen in prisko\u010di na pomo\u010d, ogromno pacientom pomaga in ne sedi na dveh levih nogah. Mislim, da dela od sutra do ve\u010dera in ve kaj dela.<\/p>\n","protected":false},"excerpt":{"rendered":"<p>Junija 2014 sem jemala \u0161e enkrat sodo bikarbono in naredila kraj\u0161i tretma. Probala sem tudi splakovanje v no\u017enico s sodo bikarbono 3 krat, vendar se mi ni zdelo, da bi bila kakr\u0161na koli sprememba. Junija me je dr. Merlo pregledal in rekel, da zgleda katastrofalno in da mi bo dal tabletke za spro\u017eitev M. Od<br \/><a class=\"moretag\" href=\"http:\/\/dnevnik.belavilinka.com\/?page_id=147\">+ Read More<\/a><\/p>\n","protected":false},"author":2,"featured_media":0,"parent":130,"menu_order":4,"comment_status":"closed","ping_status":"closed","template":"","meta":{"footnotes":""},"class_list":["post-147","page","type-page","status-publish","hentry"],"_links":{"self":[{"href":"http:\/\/dnevnik.belavilinka.com\/index.php?rest_route=\/wp\/v2\/pages\/147","targetHints":{"allow":["GET"]}}],"collection":[{"href":"http:\/\/dnevnik.belavilinka.com\/index.php?rest_route=\/wp\/v2\/pages"}],"about":[{"href":"http:\/\/dnevnik.belavilinka.com\/index.php?rest_route=\/wp\/v2\/types\/page"}],"author":[{"embeddable":true,"href":"http:\/\/dnevnik.belavilinka.com\/index.php?rest_route=\/wp\/v2\/users\/2"}],"replies":[{"embeddable":true,"href":"http:\/\/dnevnik.belavilinka.com\/index.php?rest_route=%2Fwp%2Fv2%2Fcomments&post=147"}],"version-history":[{"count":1,"href":"http:\/\/dnevnik.belavilinka.com\/index.php?rest_route=\/wp\/v2\/pages\/147\/revisions"}],"predecessor-version":[{"id":148,"href":"http:\/\/dnevnik.belavilinka.com\/index.php?rest_route=\/wp\/v2\/pages\/147\/revisions\/148"}],"up":[{"embeddable":true,"href":"http:\/\/dnevnik.belavilinka.com\/index.php?rest_route=\/wp\/v2\/pages\/130"}],"wp:attachment":[{"href":"http:\/\/dnevnik.belavilinka.com\/index.php?rest_route=%2Fwp%2Fv2%2Fmedia&parent=147"}],"curies":[{"name":"wp","href":"https:\/\/api.w.org\/{rel}","templated":true}]}}