{"id":119,"date":"2016-04-12T01:22:17","date_gmt":"2016-04-12T01:22:17","guid":{"rendered":"http:\/\/dnevnik.belavilinka.com\/?page_id=119"},"modified":"2016-10-06T09:24:57","modified_gmt":"2016-10-06T09:24:57","slug":"stranski-ucinki-pitja-zeliscnega-caja-za-miom","status":"publish","type":"page","link":"http:\/\/dnevnik.belavilinka.com\/?page_id=119","title":{"rendered":"Stranski U\u010dinki pitja zeli\u0161\u010dnega \u010daja za Miom"},"content":{"rendered":"<p>Po \u010daju za Miom\u010dek se mi je raz\u0161irila bolezen, ki jo imam na rokah. Naredijo se mi taki mali balon\u010dki, ki srbijo. Ko si spraskam ali z roko ali pa drgnem roko ob hla\u010de, prite\u010de iz njih teko\u010dina. Ta teko\u010dina pa potem povzro\u010di, da se ekcem raz\u0161irjuje. Kar naprej se mi to dela na desni roki, ob\u010dasno tudi na levi. Imela sem huda obdobja te bolezni, ko sem imela bele, bomba\u017ene rokavice oble\u010dene, ker se mi je raz\u0161irilo po celotni notranji strani roke in nisem mogla ni\u010desar ve\u010d prijeti. Tisti \u010das je bil resni\u010dno grozen !<\/p>\n<p>Moja doktorica je rekla, da je herpes. Dr. Kralj ( \u0161la samopla\u010dni\u0161ko 10 minut 20 eur ) mi je rekel, da je pa\u010d nek ekcem. Naletela sem na neko gospo, ki je bila v\u010dasih doktorica in mi je rekla, da imam atopi\u010dni dermatitis ( 30 minut 30 eur ). Dr. Kralj mi je predpisal neko kremo ( \u017eal ne vem imena ) od katere ni bilo nobenega efekta. Ista situacija je bila z kremo od moje doktorice. Ta biv\u0161a doktorica pa me je napotila v Italijo po neke kreme, ki so mi zadevo omilile. Dala mi je tudi dieto. Stanje se je izbolj\u0161alo. Kreme, ki sem jih dobila v Italiji in kasneje tudi v Avstriji niso imele vonja in so bile brez dodatkov, ki jih imajo klasi\u010dne. \u010cez \u010das sem te kreme opustila, ker so spet bile situacije, ko tudi to ni ve\u010d pomagalo. Potem sem pri\u0161la do alkohola v teko\u010dini, ki ga po\u0161prica\u0161 po roki. Vsaki\u010d, ko me je srbelo, sem si takoj po krampanju po\u0161pricala in o\u010distila rano z vato. To je razku\u017eilo in potem \u010dez \u010das tudi posu\u0161ilo rano in mehur\u010dkov ni bilo ve\u010d.<\/p>\n<p>Po pitju \u010daja se mi je bolezen za\u010dela \u0161irit na roki kar sama. V roku enega dne sem imela obe roki polni teh mehur\u010dkov. Z alkoholom sem milila zadevo, vendar me je res napadlo. Bila sem pri prijateljici, ki ima raka in sva se pogovarjali, ko mi je omenila Hrast. Rekla je :<\/p>\n<p>Hrast ( deblo ) prekuhaj in potem namakaj.<\/p>\n<p>Po 3 dneh mehur\u010dkov ni bilo ve\u010d !!!<\/p>\n<p>Tako, da od takrat naprej vsaki\u010d, ko se mi naredijo, ne grem po kreme, ampak imam kar redno pripravljen hrast in samo namakam. Po namakanju pa dr\u017eim v brisa\u010di \u0161e 10 minut, da se umiri ko\u017ea. Nobene kreme !<\/p>\n<p>Imam fotografije, vendar so \u0161e na mobitelu.<\/p>\n","protected":false},"excerpt":{"rendered":"<p>Po \u010daju za Miom\u010dek se mi je raz\u0161irila bolezen, ki jo imam na rokah. Naredijo se mi taki mali balon\u010dki, ki srbijo. Ko si spraskam ali z roko ali pa drgnem roko ob hla\u010de, prite\u010de iz njih teko\u010dina. Ta teko\u010dina pa potem povzro\u010di, da se ekcem raz\u0161irjuje. Kar naprej se mi to dela na desni<br \/><a class=\"moretag\" href=\"http:\/\/dnevnik.belavilinka.com\/?page_id=119\">+ Read More<\/a><\/p>\n","protected":false},"author":2,"featured_media":0,"parent":33,"menu_order":7,"comment_status":"closed","ping_status":"closed","template":"","meta":{"footnotes":""},"class_list":["post-119","page","type-page","status-publish","hentry"],"_links":{"self":[{"href":"http:\/\/dnevnik.belavilinka.com\/index.php?rest_route=\/wp\/v2\/pages\/119","targetHints":{"allow":["GET"]}}],"collection":[{"href":"http:\/\/dnevnik.belavilinka.com\/index.php?rest_route=\/wp\/v2\/pages"}],"about":[{"href":"http:\/\/dnevnik.belavilinka.com\/index.php?rest_route=\/wp\/v2\/types\/page"}],"author":[{"embeddable":true,"href":"http:\/\/dnevnik.belavilinka.com\/index.php?rest_route=\/wp\/v2\/users\/2"}],"replies":[{"embeddable":true,"href":"http:\/\/dnevnik.belavilinka.com\/index.php?rest_route=%2Fwp%2Fv2%2Fcomments&post=119"}],"version-history":[{"count":1,"href":"http:\/\/dnevnik.belavilinka.com\/index.php?rest_route=\/wp\/v2\/pages\/119\/revisions"}],"predecessor-version":[{"id":120,"href":"http:\/\/dnevnik.belavilinka.com\/index.php?rest_route=\/wp\/v2\/pages\/119\/revisions\/120"}],"up":[{"embeddable":true,"href":"http:\/\/dnevnik.belavilinka.com\/index.php?rest_route=\/wp\/v2\/pages\/33"}],"wp:attachment":[{"href":"http:\/\/dnevnik.belavilinka.com\/index.php?rest_route=%2Fwp%2Fv2%2Fmedia&parent=119"}],"curies":[{"name":"wp","href":"https:\/\/api.w.org\/{rel}","templated":true}]}}