{"id":115,"date":"2016-04-12T01:20:16","date_gmt":"2016-04-12T01:20:16","guid":{"rendered":"http:\/\/dnevnik.belavilinka.com\/?page_id=115"},"modified":"2016-10-06T09:24:44","modified_gmt":"2016-10-06T09:24:44","slug":"zacetek-zdravljenja-kopeli","status":"publish","type":"page","link":"http:\/\/dnevnik.belavilinka.com\/?page_id=115","title":{"rendered":"Za\u010detek zdravljenja &#8211; KOPELI"},"content":{"rendered":"<p>Julija 2013 sem imela zelo bole\u010do M in \u017ee nekaj \u010dasa sem razmi\u0161ljala o zeli\u0161\u010dih.<\/p>\n<p>Dvanajstega avgusta sem za\u010dela z<strong>NAMAKANJEM v KOPELIH<\/strong> in sicer prvi teden sem se namakala v Brezovih listih. Brezove liste je moj dragi dal v vrelo vodo ( 5l ), jih pustil prevreti 2 minuti in potem pustil, da so se fino namo\u010dili in ohladili.Hlajenje kar nekaj \u010dasa traja, v tem \u010dasu pa listi spustijo svoje naravne sokove, tako kot zeli\u0161\u010da v \u010daju.<\/p>\n<p>Zdravilni napoj, ki je nekje srednje topel ( ne prevro\u010d in ne prehladen ) zlijemo v bano v katero stopi \u017eenska, se ule\u017ee v na pol le\u017ee\u010do pozicijo in potem ostane noter 20 minut. Ker je teko\u010dine iz lonca premalo si seveda bano \u017ee prej napolnemo z nekaj vode iz pipe. Po 20 minutah \u017eenska vstane se toplo zavije, \u0161e posebej okoli maternice, posu\u0161i in potem oddide v POSTELJO, kjer se telo umiri in maternica ostane na toplem. Pono\u010di se telo zdravi.<\/p>\n<p>Na isti na\u010din poteka drugi teden s tem, da v kopel damo Hrastovo Lubje.<\/p>\n<p>Tretji teden pa damo v kopel slamo Ovesa.<\/p>\n<p><strong>KDAJ OPRAVIMO KOPELI ?<\/strong><\/p>\n<p>Za\u010dnemo takoj po kon\u010dani M. Prenehamo pred za\u010detkom nove M.<\/p>\n<p><strong>NABIRANJE MATERIALA ZA ZDRAVILNO KOPEL ?<\/strong><\/p>\n<p><em>Brezove Liste<\/em> boste najdle v gozdu in sicer poglejte na spletu kako izgleda Brezov list. S mobitelom slikajte ali pa sprintajte, potem pa v Gozd z ko\u0161aro in psom ( \u010de ga imate ). Listov si ne naberite cele gore, bolj\u0161e hoditi vsake dva dni po njih. Listov naberite za 3 mo\u0161ke pesti.<\/p>\n<p><em>Hrastovo lubje<\/em> boste tudi najdle v gozdu, vendar je pri tem treba paziti na drevesa. Prvo poglejte po tleh, \u010de je lubje odpadlo. \u010ce ga ni ali pa \u010de ga je premalo, potem lepo objamite drevo in na kratko povejte v kak\u0161ni stiski ste in da bi potrebovale malo lubja za zdravljenje bolezni. Drevo vam bo odgovorilo. \u010ce boste za\u010dutile slab ob\u010dutek se mu lepo zahvalite in oddidite. \u010ce pa boste za\u010dutile dober ob\u010dutek in se boste nasmejale, potem vzamite toliko kot potrebujete in se lepo zahvalite.<\/p>\n<p>Drevo potrebuje lubje, da ga varuje pred boleznimi in te\u017ekim vremenom. \u010ce morda prvo drevo re\u010de ne, najdite drugega. Drevesa se med seboj pogovarjajo in ne boste iskale dolgo.<\/p>\n<p>Z <em>slamo ovesa<\/em> sem imela sama te\u017eave, ker nikjer nisem na\u0161la. Spra\u0161evala sem na kmetijah pa niso imeli tako, da sem bila na koncu primorana kupiti v trgovini z zeli\u0161\u010di.<\/p>\n<p>Kopeli sem izvajala avgusta in septembra 2013.<\/p>\n<p>Septembra sem pri\u010dela zudi z pitjem zeli\u0161\u010dnega \u010daja. Ve\u010d o tem v drugem prispevku.<\/p>\n","protected":false},"excerpt":{"rendered":"<p>Julija 2013 sem imela zelo bole\u010do M in \u017ee nekaj \u010dasa sem razmi\u0161ljala o zeli\u0161\u010dih. Dvanajstega avgusta sem za\u010dela zNAMAKANJEM v KOPELIH in sicer prvi teden sem se namakala v Brezovih listih. Brezove liste je moj dragi dal v vrelo vodo ( 5l ), jih pustil prevreti 2 minuti in potem pustil, da so se<br \/><a class=\"moretag\" href=\"http:\/\/dnevnik.belavilinka.com\/?page_id=115\">+ Read More<\/a><\/p>\n","protected":false},"author":2,"featured_media":0,"parent":33,"menu_order":5,"comment_status":"closed","ping_status":"closed","template":"","meta":{"footnotes":""},"class_list":["post-115","page","type-page","status-publish","hentry"],"_links":{"self":[{"href":"http:\/\/dnevnik.belavilinka.com\/index.php?rest_route=\/wp\/v2\/pages\/115","targetHints":{"allow":["GET"]}}],"collection":[{"href":"http:\/\/dnevnik.belavilinka.com\/index.php?rest_route=\/wp\/v2\/pages"}],"about":[{"href":"http:\/\/dnevnik.belavilinka.com\/index.php?rest_route=\/wp\/v2\/types\/page"}],"author":[{"embeddable":true,"href":"http:\/\/dnevnik.belavilinka.com\/index.php?rest_route=\/wp\/v2\/users\/2"}],"replies":[{"embeddable":true,"href":"http:\/\/dnevnik.belavilinka.com\/index.php?rest_route=%2Fwp%2Fv2%2Fcomments&post=115"}],"version-history":[{"count":1,"href":"http:\/\/dnevnik.belavilinka.com\/index.php?rest_route=\/wp\/v2\/pages\/115\/revisions"}],"predecessor-version":[{"id":116,"href":"http:\/\/dnevnik.belavilinka.com\/index.php?rest_route=\/wp\/v2\/pages\/115\/revisions\/116"}],"up":[{"embeddable":true,"href":"http:\/\/dnevnik.belavilinka.com\/index.php?rest_route=\/wp\/v2\/pages\/33"}],"wp:attachment":[{"href":"http:\/\/dnevnik.belavilinka.com\/index.php?rest_route=%2Fwp%2Fv2%2Fmedia&parent=115"}],"curies":[{"name":"wp","href":"https:\/\/api.w.org\/{rel}","templated":true}]}}